{"id":363,"date":"2013-01-01T20:35:57","date_gmt":"2013-01-01T20:35:57","guid":{"rendered":"http:\/\/swiffy-j.com\/gamine\/?page_id=363"},"modified":"2014-11-16T20:44:14","modified_gmt":"2014-11-16T20:44:14","slug":"maison","status":"publish","type":"page","link":"https:\/\/swiffy-j.com\/gamine\/maison\/","title":{"rendered":"Chalet"},"content":{"rendered":"<p><em>Le chalet a \u00e9t\u00e9 construit par un contracteur priv\u00e9 avec des murs \u00e9pais et isol\u00e9s et un salage tr\u00e8s solide. Le chalet est chaleureux et comfortable en hiver et fra\u00ees en \u00e9t\u00e9. Le chalet est construit en bois \u00e0 l&#8217;int\u00e9rieur et l&#8217;ext\u00e9rieur pour pouvoir correspondre au style &#8216;Chalet suisse&#8217;. Les plafonds poss\u00e8dent de grosses poutres.<\/em><\/p>\n<p><em>La salle \u00e0 manger et le salon de la maison sont d&#8217;un concept ouvert avec de grosses poutres de bois aux plafonds, des planchers de bois franc et un escalier central\u00a0en bois d&#8217;\u00e9rable fait par un artisan du coin.<\/em><\/p>\n<p><em>Le chalet est dot\u00e9 dune verri\u00e8re derri\u00e8re la maison avec une vue superbe sur la montagne. Le balcon de la chambre des ma\u00eetres du deuxi\u00e8me \u00e9tage nous m\u00e8ne \u00e0 une vue splendide de la Mont\u00e9r\u00e9gie. Le sous-sol est fini avec des poutres au plafond et des planchers de bois franc. L&#8217;eau fra\u00eeche que l&#8217;on y boit vient d&#8217;un puits art\u00e9sien.<\/em><\/p>\n<div id=\"attachment_413\" style=\"width: 310px\" class=\"wp-caption alignleft\"><a href=\"http:\/\/swiffy-j.com\/gamine\/house\/attachment\/008\/\"><img data-recalc-dims=\"1\" decoding=\"async\" aria-describedby=\"caption-attachment-413\" loading=\"lazy\" class=\"wp-image-413 size-medium\" src=\"https:\/\/i0.wp.com\/swiffy-j.com\/gamine\/wp-content\/uploads\/2012\/12\/008-300x225.jpg?resize=300%2C225\" alt=\"Beams off the ceilings in the basement, first and second floors\" width=\"300\" height=\"225\" srcset=\"https:\/\/i0.wp.com\/swiffy-j.com\/gamine\/wp-content\/uploads\/2012\/12\/008.jpg?resize=300%2C225&amp;ssl=1 300w, https:\/\/i0.wp.com\/swiffy-j.com\/gamine\/wp-content\/uploads\/2012\/12\/008.jpg?resize=1024%2C768&amp;ssl=1 1024w, https:\/\/i0.wp.com\/swiffy-j.com\/gamine\/wp-content\/uploads\/2012\/12\/008.jpg?w=1168&amp;ssl=1 1168w, https:\/\/i0.wp.com\/swiffy-j.com\/gamine\/wp-content\/uploads\/2012\/12\/008.jpg?w=1752&amp;ssl=1 1752w\" sizes=\"auto, (max-width: 300px) 100vw, 300px\" \/><\/a><p id=\"caption-attachment-413\" class=\"wp-caption-text\">Grosses poutres sculpt\u00e9es au plafond<\/p><\/div>\n<div id=\"attachment_466\" style=\"width: 310px\" class=\"wp-caption alignleft\"><a href=\"http:\/\/swiffy-j.com\/gamine\/house\/attachment\/061\/\" rel=\"attachment wp-att-466\"><img data-recalc-dims=\"1\" decoding=\"async\" aria-describedby=\"caption-attachment-466\" loading=\"lazy\" class=\"wp-image-466 size-medium\" src=\"https:\/\/i0.wp.com\/swiffy-j.com\/gamine\/wp-content\/uploads\/2012\/12\/061-300x225.jpg?resize=300%2C225\" alt=\"061\" width=\"300\" height=\"225\" srcset=\"https:\/\/i0.wp.com\/swiffy-j.com\/gamine\/wp-content\/uploads\/2012\/12\/061.jpg?resize=300%2C225&amp;ssl=1 300w, https:\/\/i0.wp.com\/swiffy-j.com\/gamine\/wp-content\/uploads\/2012\/12\/061.jpg?resize=1024%2C768&amp;ssl=1 1024w, https:\/\/i0.wp.com\/swiffy-j.com\/gamine\/wp-content\/uploads\/2012\/12\/061.jpg?w=1168&amp;ssl=1 1168w, https:\/\/i0.wp.com\/swiffy-j.com\/gamine\/wp-content\/uploads\/2012\/12\/061.jpg?w=1752&amp;ssl=1 1752w\" sizes=\"auto, (max-width: 300px) 100vw, 300px\" \/><\/a><p id=\"caption-attachment-466\" class=\"wp-caption-text\">Escaliers en bois d&#8217;\u00e9rable<\/p><\/div>\n<p><noscript>&amp;amp;amp;amp;amp;amp;amp;amp;amp;amp;amp;amp;amp;lt;img alt=&#8221;063&#8243; src=&#8221;http:\/\/swiffy-j.com\/gamine\/wp-content\/uploads\/2012\/12\/063-300&#215;225.jpg&#8221; width=&#8221;300&#8243; height=&#8221;225&#8243; \/&amp;amp;amp;amp;amp;amp;amp;amp;amp;amp;amp;amp;amp;gt;<\/noscript><\/p>\n<p>&nbsp;<\/p>\n<p>&nbsp;<\/p>\n<dl id=\"attachment_468\">\n<dt><\/dt>\n<dd>\u00a0<\/dd>\n<\/dl>\n","protected":false},"excerpt":{"rendered":"<p>Le chalet a \u00e9t\u00e9 construit par un contracteur priv\u00e9 avec des murs \u00e9pais et isol\u00e9s et un salage tr\u00e8s solide. Le chalet est chaleureux et comfortable en hiver et fra\u00ees en \u00e9t\u00e9. Le chalet est construit en bois \u00e0 l&#8217;int\u00e9rieur &hellip; <a href=\"https:\/\/swiffy-j.com\/gamine\/maison\/\">Continue reading <span class=\"meta-nav\">&rarr;<\/span><\/a><\/p>\n","protected":false},"author":1,"featured_media":0,"parent":0,"menu_order":9,"comment_status":"closed","ping_status":"closed","template":"onecolumn-page.php","meta":{"nf_dc_page":"","footnotes":""},"class_list":["post-363","page","type-page","status-publish","hentry"],"jetpack_shortlink":"https:\/\/wp.me\/P30o6n-5R","jetpack_sharing_enabled":true,"_links":{"self":[{"href":"https:\/\/swiffy-j.com\/gamine\/wp-json\/wp\/v2\/pages\/363","targetHints":{"allow":["GET"]}}],"collection":[{"href":"https:\/\/swiffy-j.com\/gamine\/wp-json\/wp\/v2\/pages"}],"about":[{"href":"https:\/\/swiffy-j.com\/gamine\/wp-json\/wp\/v2\/types\/page"}],"author":[{"embeddable":true,"href":"https:\/\/swiffy-j.com\/gamine\/wp-json\/wp\/v2\/users\/1"}],"replies":[{"embeddable":true,"href":"https:\/\/swiffy-j.com\/gamine\/wp-json\/wp\/v2\/comments?post=363"}],"version-history":[{"count":22,"href":"https:\/\/swiffy-j.com\/gamine\/wp-json\/wp\/v2\/pages\/363\/revisions"}],"predecessor-version":[{"id":1233,"href":"https:\/\/swiffy-j.com\/gamine\/wp-json\/wp\/v2\/pages\/363\/revisions\/1233"}],"wp:attachment":[{"href":"https:\/\/swiffy-j.com\/gamine\/wp-json\/wp\/v2\/media?parent=363"}],"curies":[{"name":"wp","href":"https:\/\/api.w.org\/{rel}","templated":true}]}}